{"id":554,"date":"2024-04-10T18:28:51","date_gmt":"2024-04-10T21:28:51","guid":{"rendered":"https:\/\/hotelsalta.com\/web\/?page_id=554"},"modified":"2025-06-23T12:19:22","modified_gmt":"2025-06-23T15:19:22","slug":"servicios","status":"publish","type":"page","link":"https:\/\/hotelsalta.com\/web\/servicios\/","title":{"rendered":"Servicios"},"content":{"rendered":"<p>[et_pb_section fb_built=\u00bb1&#8243; disabled_on=\u00bboff|off|off\u00bb _builder_version=\u00bb4.17.6&#8243; _module_preset=\u00bbdefault\u00bb custom_padding=\u00bb9px||0px|||\u00bb global_colors_info=\u00bb{}\u00bb][et_pb_row _builder_version=\u00bb4.24.3&#8243; _module_preset=\u00bbdefault\u00bb width=\u00bb90%\u00bb custom_padding=\u00bb||50px|||\u00bb global_colors_info=\u00bb{}\u00bb][et_pb_column type=\u00bb4_4&#8243; _builder_version=\u00bb4.17.6&#8243; _module_preset=\u00bbdefault\u00bb global_colors_info=\u00bb{}\u00bb][et_pb_text _builder_version=\u00bb4.24.3&#8243; _module_preset=\u00bbdefault\u00bb custom_padding=\u00bb||28px|||\u00bb global_colors_info=\u00bb{}\u00bb]<\/p>\n<h1 style=\"text-align: center;\">Servicios<\/h1>\n<p style=\"text-align: center;\">Hotel Salta te ofrece todos los servicios para que tu estad\u00eda en Salta sea una experiencia inolvidable<\/p>\n<p>[\/et_pb_text][dsm_card title=\u00bbDesayuno\u00bb layout=\u00bbinline\u00bb image=\u00bbhttps:\/\/hotelsalta.com\/web\/wp-content\/uploads\/2024\/04\/DESAYUNO-Hotel-Salta.jpg\u00bb image_background_height=\u00bb450px\u00bb badge_url_new_window=\u00bbon\u00bb button_url_new_window=\u00bb1&#8243; layout_tablet=\u00bbinline\u00bb layout_phone=\u00bbstacked\u00bb layout_last_edited=\u00bbon|tablet\u00bb _builder_version=\u00bb4.24.3&#8243; _module_preset=\u00bbdefault\u00bb header_font_size=\u00bb30px\u00bb global_colors_info=\u00bb{}\u00bb]<\/p>\n<p>Desayuno Buffet: servido a partir de las 06:00 a.m. hasta las 10:30 a.m. El mismo cuenta con: Caf\u00e9 de filtro, leche (animal y vegetal), infusiones, jugos naturales, aguas saborizadas, yogurt (entero y descremado), variedades de panificados dulces y salados, tartas dulces del d\u00eda, panificados aptos cel\u00edacos, variedad de fiambres y quesos frescos, untables, cereales, mix de semillas, y huevos revueltos.<\/p>\n<p>[\/dsm_card][dsm_card title=\u00bbPiscina\u00bb layout=\u00bbinline\u00bb layout_inline_order=\u00bbright\u00bb image=\u00bbhttps:\/\/hotelsalta.com\/web\/wp-content\/uploads\/2024\/04\/PISCINA-Hotel-Salta.jpg\u00bb image_background_height=\u00bb450px\u00bb badge_url_new_window=\u00bbon\u00bb button_url_new_window=\u00bb1&#8243; layout_tablet=\u00bbinline\u00bb layout_phone=\u00bbstacked\u00bb layout_last_edited=\u00bbon|desktop\u00bb _builder_version=\u00bb4.24.3&#8243; _module_preset=\u00bbdefault\u00bb header_font_size=\u00bb30px\u00bb global_colors_info=\u00bb{}\u00bb]Aabierta todos los d\u00edas desde las 09:00 a.m. hasta las 20:00 p.m.<br \/>\nDe uso exclusivo para los hu\u00e9spedes. Cuenta con sol\u00e1rium y una galer\u00eda exterior ambientada con un quincho que posee parrilla y horno de barro tradicional, todo a su disposici\u00f3n.[\/dsm_card][dsm_card title=\u00bbGimnasio\u00bb layout=\u00bbinline\u00bb image=\u00bbhttps:\/\/hotelsalta.com\/web\/wp-content\/uploads\/2024\/04\/GIMNASIO-Hotel-Salta.jpg\u00bb image_background_height=\u00bb450px\u00bb badge_url_new_window=\u00bbon\u00bb button_url_new_window=\u00bb1&#8243; layout_tablet=\u00bbinline\u00bb layout_phone=\u00bbstacked\u00bb layout_last_edited=\u00bbon|tablet\u00bb _builder_version=\u00bb4.24.3&#8243; _module_preset=\u00bbdefault\u00bb header_font_size=\u00bb30px\u00bb global_colors_info=\u00bb{}\u00bb]Abierto todos los d\u00edas desde las 07:00 a.m. hasta las 21:00 p.m.<br \/>\nDe uso exclusivo para los hu\u00e9spedes. Equipado con modernos equipos y maquinaria de alta tecnolog\u00eda.[\/dsm_card][dsm_card title=\u00bbSPA\u00bb layout=\u00bbinline\u00bb layout_inline_order=\u00bbright\u00bb image=\u00bbhttps:\/\/hotelsalta.com\/web\/wp-content\/uploads\/2024\/04\/SPA-Hotel-Salta.jpg\u00bb image_background_height=\u00bb450px\u00bb badge_url_new_window=\u00bbon\u00bb button_url_new_window=\u00bb1&#8243; layout_tablet=\u00bbinline\u00bb layout_phone=\u00bbstacked\u00bb layout_last_edited=\u00bbon|desktop\u00bb _builder_version=\u00bb4.24.3&#8243; _module_preset=\u00bbdefault\u00bb header_font_size=\u00bb30px\u00bb global_colors_info=\u00bb{}\u00bb]Abierto de lunes a viernes a partir de las 09:00 a.m. hasta las 21:00 p.m. S\u00e1bados y Domingos solo con reserva previa.  Ser\u00e1n atendidos por las mejores profesionales, en donde le brindar\u00e1n una amplia variedad de masajes. Tambi\u00e9n encontrar\u00e1n servicios de cosmetolog\u00eda y u\u00f1as. [\/dsm_card][dsm_card title=\u00bbEventos\u00bb layout=\u00bbinline\u00bb image=\u00bbhttps:\/\/hotelsalta.com\/web\/wp-content\/uploads\/2024\/04\/EVENTOS-Hotel-Salta.jpg\u00bb image_background_height=\u00bb450px\u00bb badge_url_new_window=\u00bbon\u00bb button_url_new_window=\u00bb1&#8243; layout_tablet=\u00bbinline\u00bb layout_phone=\u00bbstacked\u00bb layout_last_edited=\u00bbon|tablet\u00bb _builder_version=\u00bb4.24.3&#8243; _module_preset=\u00bbdefault\u00bb header_font_size=\u00bb30px\u00bb global_colors_info=\u00bb{}\u00bb]<\/p>\n<p>Realice sus eventos corporativos en nuestros exclusivos salones.<br \/><strong>Sal\u00f3n Salta:<\/strong> capacidad m\u00e1xima para 20 personas con armado de auditorio.<br \/><strong>Sal\u00f3n de la Esquina:<\/strong> capacidad m\u00e1xima para 60 personas con armado de auditorio.<br \/><strong>Sal\u00f3n de los Murales:<\/strong> capacidad m\u00e1xima para 120 personas con armado de auditorio.<br \/>Ofrecemos todo el equipamiento t\u00e9cnico que necesita para realizar su evento corporativo como proyector, pantalla, sonido y micr\u00f3fonos.<\/p>\n<p>[\/dsm_card][\/et_pb_column][\/et_pb_row][\/et_pb_section]<\/p>\n","protected":false},"excerpt":{"rendered":"<p>Servicios Hotel Salta te ofrece todos los servicios para que tu estad\u00eda en Salta sea una experiencia inolvidable<div class=\"et_pb_module dsm_card dsm_card_0 et_pb_bg_layout_light  dsm_card_layout_inline dsm_card_phone_layout_stacked\">\n\t\t\t\t\n\t\t\t\t\n\t\t\t\t\n\t\t\t\t\n\t\t\t\t\n\t\t\t\t\n\t\t\t\t<div class=\"et_pb_module_inner\">\n\t\t\t\t\t\n\t\t\t\n\t\t\t<figure class=\"dsm_card_image_wrapper dsm_card_badge_top_right\"><div class=\"dsm_card_image_background dsm_card_img\"><\/div><\/figure>\n\t\t\t<div class=\"et_pb_module dsm_card_wrapper et_pb_text_align_left\">\n\t\t\t\t\t\n\t\t\t\t\t<h4 class=\"dsm_card_title et_pb_module_header\">Desayuno<\/h4>\n\t\t\t\t\t\n\t\t\t\t\t<div class=\"dsm_card_description\">Desayuno Buffet: servido a partir de las 06:00 a.m. hasta las 10:30 a.m. El mismo cuenta con: Caf\u00e9 de filtro, leche (animal y vegetal), infusiones, jugos naturales, aguas saborizadas, yogurt (entero y descremado), variedades de panificados dulces y salados, tartas dulces del d\u00eda, panificados aptos cel\u00edacos, variedad de fiambres y quesos frescos, untables, cereales, mix de semillas, y huevos revueltos.<\/div>\n\t\t\t\t\t\n\t\t\t\t<\/div>\n\t\t\t\n\t\t\t\t<\/div>\n\t\t\t<\/div><div class=\"et_pb_module dsm_card dsm_card_1 et_pb_bg_layout_light  dsm_card_layout_inline dsm_card_phone_layout_stacked\">\n\t\t\t\t\n\t\t\t\t\n\t\t\t\t\n\t\t\t\t\n\t\t\t\t\n\t\t\t\t\n\t\t\t\t<div class=\"et_pb_module_inner\">\n\t\t\t\t\t\n\t\t\t\n\t\t\t<figure class=\"dsm_card_image_wrapper dsm_card_badge_top_right\"><div class=\"dsm_card_image_background dsm_card_img\"><\/div><\/figure>\n\t\t\t<div class=\"et_pb_module dsm_card_wrapper et_pb_text_align_left\">\n\t\t\t\t\t\n\t\t\t\t\t<h4 class=\"dsm_card_title et_pb_module_header\">Piscina<\/h4>\n\t\t\t\t\t\n\t\t\t\t\t<div class=\"dsm_card_description\">Aabierta todos los d\u00edas desde las 09:00 a.m. hasta las 20:00 p.m. De uso exclusivo para los hu\u00e9spedes. Cuenta con sol\u00e1rium y una galer\u00eda exterior ambientada con un quincho que posee parrilla y horno de barro tradicional, todo a su disposici\u00f3n.<\/div>\n\t\t\t\t\t\n\t\t\t\t<\/div>\n\t\t\t\n\t\t\t\t<\/div>\n\t\t\t<\/div><div class=\"et_pb_module dsm_card dsm_card_2 et_pb_bg_layout_light  dsm_card_layout_inline dsm_card_phone_layout_stacked\">\n\t\t\t\t\n\t\t\t\t\n\t\t\t\t\n\t\t\t\t\n\t\t\t\t\n\t\t\t\t\n\t\t\t\t<div class=\"et_pb_module_inner\">\n\t\t\t\t\t\n\t\t\t\n\t\t\t<figure class=\"dsm_card_image_wrapper dsm_card_badge_top_right\"><div class=\"dsm_card_image_background dsm_card_img\"><\/div><\/figure>\n\t\t\t<div class=\"et_pb_module dsm_card_wrapper et_pb_text_align_left\">\n\t\t\t\t\t\n\t\t\t\t\t<h4 class=\"dsm_card_title et_pb_module_header\">Gimnasio<\/h4>\n\t\t\t\t\t\n\t\t\t\t\t<div class=\"dsm_card_description\">Abierto todos los d\u00edas desde las 07:00 a.m. hasta las 21:00 p.m. De uso exclusivo para los hu\u00e9spedes. Equipado con modernos equipos y maquinaria de alta tecnolog\u00eda.<\/div>\n\t\t\t\t\t\n\t\t\t\t<\/div>\n\t\t\t\n\t\t\t\t<\/div>\n\t\t\t<\/div><div class=\"et_pb_module dsm_card dsm_card_3 et_pb_bg_layout_light  dsm_card_layout_inline dsm_card_phone_layout_stacked\">\n\t\t\t\t\n\t\t\t\t\n\t\t\t\t\n\t\t\t\t\n\t\t\t\t\n\t\t\t\t\n\t\t\t\t<div class=\"et_pb_module_inner\">\n\t\t\t\t\t\n\t\t\t\n\t\t\t<figure class=\"dsm_card_image_wrapper dsm_card_badge_top_right\"><div class=\"dsm_card_image_background dsm_card_img\"><\/div><\/figure>\n\t\t\t<div class=\"et_pb_module dsm_card_wrapper et_pb_text_align_left\">\n\t\t\t\t\t\n\t\t\t\t\t<h4 class=\"dsm_card_title et_pb_module_header\">SPA<\/h4>\n\t\t\t\t\t\n\t\t\t\t\t\n\t\t\t\t\t\n\t\t\t\t<\/div>\n\t\t\t\n\t\t\t\t<\/div>\n\t\t\t<\/div>Abierto de lunes a [&hellip;]<\/p>\n","protected":false},"author":2,"featured_media":0,"parent":0,"menu_order":0,"comment_status":"closed","ping_status":"closed","template":"","meta":{"_et_pb_use_builder":"on","_et_pb_old_content":"","_et_gb_content_width":"","footnotes":""},"_links":{"self":[{"href":"https:\/\/hotelsalta.com\/web\/wp-json\/wp\/v2\/pages\/554"}],"collection":[{"href":"https:\/\/hotelsalta.com\/web\/wp-json\/wp\/v2\/pages"}],"about":[{"href":"https:\/\/hotelsalta.com\/web\/wp-json\/wp\/v2\/types\/page"}],"author":[{"embeddable":true,"href":"https:\/\/hotelsalta.com\/web\/wp-json\/wp\/v2\/users\/2"}],"replies":[{"embeddable":true,"href":"https:\/\/hotelsalta.com\/web\/wp-json\/wp\/v2\/comments?post=554"}],"version-history":[{"count":12,"href":"https:\/\/hotelsalta.com\/web\/wp-json\/wp\/v2\/pages\/554\/revisions"}],"predecessor-version":[{"id":1415,"href":"https:\/\/hotelsalta.com\/web\/wp-json\/wp\/v2\/pages\/554\/revisions\/1415"}],"wp:attachment":[{"href":"https:\/\/hotelsalta.com\/web\/wp-json\/wp\/v2\/media?parent=554"}],"curies":[{"name":"wp","href":"https:\/\/api.w.org\/{rel}","templated":true}]}}